ber?
True
Is 21865057 composite?
False
Is 33425917 a prime number?
False
Is 199234753 composite?
False
Is 289580153 prime?
False
Is 2948033 prime?
False
Is 4383103 prime?
False
Is 17253451 prime?
False
Is 14378033 composite?
True
Is 74532473 prime?
False
Is 23764303 a composite number?
True
Is 4019419 a prime number?
True
Is 14113783 prime?
True
Is 25090157 a prime number?
True
Is 3762959 a composite number?
True
Is 12599663 prime?
False
Is 1105766 a composite number?
True
Is 28397737 a prime number?
False
Is 64569379 prime?
False
Is 39615207 prime?
False
Is 3591281 prime?
True
Is 361693 composite?
True
Is 33825059 composite?
False
Is 297041201 prime?
False
Is 7946903 a composite number?
False
Is 49793741 composite?
False
Is 15820417 a prime number?
True
Is 4466299 a prime number?
True
Is 56888563 a prime number?
True
Is 2850559 prime?
False
Is 60242387 a composite number?
True
Is 790817 composite?
False
Is 31828309 a composite number?
False
Is 89697617 composite?
False
Is 3292673 prime?
True
Is 132478 prime?
False
Is 425499 composite?
True
Is 433385 prime?
False
Is 154328047 a composite number?
True
Is 60634807 prime?
True
Is 13480409 a prime number?
True
Is 428297 prime?
True
Is 39189847 prime?
True
Is 3274051 a prime number?
False
Is 1089389 a composite number?
True
Is 72094081 a composite number?
False
Is 3973 a prime number?
False
Is 36515137 a prime number?
False
Is 860769049 prime?
False
Is 3195103 a prime number?
True
Is 110263357 prime?
False
Is 57945529 a composite number?
True
Is 17841143 prime?
False
Is 2938843 a prime number?
True
Is 8106157 a composite number?
False
Is 61818143 composite?
False
Is 2630633 a composite number?
True
Is 17455943 prime?
False
Is 9881951 composite?
False
Is 25795303 prime?
False
Is 358253909 a composite number?
True
Is 11169433 a prime number?
False
Is 30241919 a prime number?
True
Is 878851 prime?
True
Is 45620242 a prime number?
False
Is 2697637 a composite number?
False
Is 325418273 a prime number?
True
Is 3854897 prime?
True
Is 229452593 a prime number?
False
Is 335800903 composite?
False
Is 946277 a composite number?
True
Is 3048157 composite?
True
Is 359773 a composite number?
True
Is 12008983 composite?
True
Is 6477473 composite?
True
Is 103851499 a composite number?
False
Is 4977971 prime?
True
Is 11822035 composite?
True
Is 31524331 composite?
False
Is 79322227 a composite number?
False
Is 503261 a prime number?
False
Is 152195231 composite?
True
Is 853759 a composite number?
False
Is 145095851 a prime number?
True
Is 104043311 composite?
False
Is 119489 prime?
True
Is 1328083 composite?
True
Is 20289167 a prime number?
True
Is 3716287 composite?
True
Is 62477083 a prime number?
True
Is 15201427 composite?
True
Is 156315853 prime?
True
Is 175114273 a prime number?
True
Is 574486391 composite?
False
Is 560657 a prime number?
False
Is 2697173 a prime number?
True
Is 1338287 composite?
True
Is 17435233 prime?
True
Is 9614389 a prime number?
True
Is 10284101 a prime number?
True
Is 360023 a composite number?
False
Is 709759119 a prime number?
False
Is 15515987 a composite number?
True
Is 77171261 a prime number?
True
Is 50414185 a prime number?
False
Is 23257799 a prime number?
True
Is 66199009 composite?
False
Is 212431547 prime?
True
Is 15611261 a composite number?
False
Is 1254941 a composite number?
False
Is 13341533 prime?
False
Is 33990247 a prime number?
True
Is 11449231 a composite number?
False
Is 97303781 prime?
True
Is 167602697 a composite number?
False
Is 17920954 composite?
True
Is 186290387 a composite number?
False
Is 128025013 prime?
True
Is 31542659 composite?
False
Is 1552643 a composite number?
False
Is 295432913 a prime number?
True
Is 404671 a composite number?
False
Is 64587659 prime?
True
Is 6412921 a composite number?
True
Is 262781797 prime?
True
Is 32217583 a prime number?
True
Is 5755963 prime?
False
Is 78240961 prime?
False
Is 83104465 a composite number?
True
Is 408737 a composite number?
True
Is 24112037 a prime number?
True
Is 120343747 composite?
False
Is 87100903 composite?
False
Is 33033437 prime?
False
Is 41347121 prime?
False
Is 50619913 prime?
True
Is 67905439 a composite number?
True
Is 41917765 prime?
False
Is 2110681 a composite number?
True
Is 56548853 prime?
True
Is 26976799 prime?
True
Is 825749 prime?
True
Is 109940735 a composite number?
True
Is 38161909 a prime number?
True
Is 8812157 a prime number?
False
Is 183910891 prime?
True
Is 56303617 composite?
True
Is 450547913 composite?
False
Is 120900706 a prime number?
False
Is 24982781 prime?
True
Is 638304643 prime?
True
Is 40487647 a composite number?
True
Is 47897137 a composite number?
True
Is 194935513 composite?
False
Is 4531817 a composite number?
True
Is 9210437 a composite number?
False
Is 5519021 a composite number?
True
Is 6112759 prime?
False
Is 182824321 a composite number?
True
Is 12747209 a composite number?
False
Is 19975433 composite?
False
Is 23249131 a composite number?
True
Is 2968981 a composite number?
True
Is 236757567 prime?
False
Is 7885993 a composite number?
False
Is 529483 a prime number?
False
Is 276237967 a composite number?
True
Is 1761731 prime?
False
Is 182719 prime?
False
Is 201868277 a prime number?
False
Is 27889787 prime?
False
Is 1289371 a prime number?
True
Is 289775923 prime?
True
Is 1190068183 composite?
True
Is 278190147 prime?
False
Is 661823 prime?
True
Is 217769 composite?
True
Is 7092727 composite?
True
Is 839992107 prime?
False
Is 187217221 composite?
False
Is 18305117 a composite number?
False
Is 332962367 a composite number?
True
Is 1948649 a composite number?
False
Is 6371 a prime number?
False
Is 1258753 a prime number?
True
Is 4459639 a composite number?
False
Is 34187627 composite?
True
Is 19938067 prime?
False
Is 2682481 a prime number?
False
Is 11401801 a prime number?
True
Is 36653349 composite?
True
Is 1428283 composite?
True
Is 3170639 composite?
True
Is 11885381 a composite number?
False
Is 238358527 composite?
True
Is 2386049 a composite number?
True
Is 21301691 a prime number?
True
Is 1289273 a composite number?
False
Is 2025847 prime?
False
Is 2279501 a prime number?
False
Is 44097629 a prime number?
True
Is 30700843 a composite number?
True
Is 103695899 prime?
False
Is 16906169 prime?
False
Is 1980899 a prime number?
True
Is 319047 a composite number?
True
Is 5455049 composite?
False
Is 3019403 prime?
False
Is 1192381 a composite number?
True
Is 5489129 prime?
True
Is 359894 a prime number?
False
Is 28524001 composite?
True
Is 966811 a composite number?
True
Is 24581203 composite?
True
Is 110282119 a prime number?
True
Is 245153 composite?
True
Is 4363687 composite?
True
Is 5272147 a composite number?
False
Is 101149861 a composite number?
False
Is 1308077 prime?
True
Is 742929653 a composite number?
False
Is 2803389 composite?
True
Is 129075123 a composite number?
True
Is 2039923 prime?
False
Is 391328926 composite?
True
Is 167839417 prime?
True
Is 1033667321 prime?
False
Is 19362131 a prime number?
True
Is 29435473 a prime number?
True
Is 4527485 composite?
True
Is 296669 a composite number?
False
Is 1488869 a prime number?
True
Is 354643439 prime?
False
Is 67322315 composite?
True
Is 935247 composite?
True
Is 1130191 composite?
False
Is 5004281 prime?
True
Is 38101727 composite?
False
Is 2253409 composite?
False
Is 946534487 a prime number?
False
Is 72600491 a composite number?
False
Is 45059359 composite?
True
Is 20619043 a prime number?
True
Is 437693 prime?
True
Is 1268513 prime?
False
Is 2796919 prime?
True
Is 1313846 a composite number?
True
Is 120835441 a prime number?
True
Is 15984271 a prime number?
False
Is 5066381 a composite number?
False
Is 90769 prime?
False
Is 446365079 a composite number?
False
Is 25841381 a composite number?
True
Is 609743 a composite number?
False
Is 66291101 composite?
True
Is 9712642 a prime number?
False
Is 38083217 prime?
False
Is 9943369 prime?
True
Is 77565979 prime?
True
Is 9611257 composite?
True
Is 146520427 a composite number?
False
Is 426281 a composite number?
True
Is 10920113 a prime number?
True
Is 60193219 a prime number?
True
Is 25140043 a prime number?
True
Is 477922933 composite?
False
Is 5981 a composite number?
False
Is 4258642 composite?
True
Is 418969 composite?
True
Is 44426341